{"id":518,"date":"2020-05-08T17:54:46","date_gmt":"2020-05-08T17:54:46","guid":{"rendered":"http:\/\/klun.si\/?page_id=518"},"modified":"2026-01-12T07:44:45","modified_gmt":"2026-01-12T06:44:45","slug":"resitve-za-skupne-prostore_common-space-solutions","status":"publish","type":"page","link":"https:\/\/klun.si\/eng\/resitve-za-skupne-prostore_common-space-solutions\/","title":{"rendered":"Common Space Solutions &#8211; Re\u0161itve za skupne prostore"},"content":{"rendered":"\t\t<div data-elementor-type=\"wp-page\" data-elementor-id=\"518\" class=\"elementor elementor-518\">\n\t\t\t\t\t\t<section class=\"elementor-section elementor-top-section elementor-element elementor-element-438d30a elementor-section-boxed elementor-section-height-default elementor-section-height-default\" data-id=\"438d30a\" data-element_type=\"section\" data-e-type=\"section\">\n\t\t\t\t\t\t<div class=\"elementor-container elementor-column-gap-default\">\n\t\t\t\t\t<div class=\"elementor-column elementor-col-100 elementor-top-column elementor-element elementor-element-9d33ee1\" data-id=\"9d33ee1\" data-element_type=\"column\" data-e-type=\"column\">\n\t\t\t<div class=\"elementor-widget-wrap elementor-element-populated\">\n\t\t\t\t\t\t<div class=\"elementor-element elementor-element-c857322 elementor-widget elementor-widget-shortcode\" data-id=\"c857322\" data-element_type=\"widget\" data-e-type=\"widget\" data-widget_type=\"shortcode.default\">\n\t\t\t\t<div class=\"elementor-widget-container\">\n\t\t\t\t\t\t\t<div class=\"elementor-shortcode\">\t\t\t<!-- Flexy Breadcrumb -->\r\n\t\t\t<div class=\"fbc fbc-page\">\r\n\r\n\t\t\t\t<!-- Breadcrumb wrapper -->\r\n\t\t\t\t<div class=\"fbc-wrap\">\r\n\r\n\t\t\t\t\t<!-- Ordered list-->\r\n\t\t\t\t\t<ol class=\"fbc-items\" itemscope itemtype=\"https:\/\/schema.org\/BreadcrumbList\">\r\n\t\t\t\t\t\t            <li itemprop=\"itemListElement\" itemscope itemtype=\"https:\/\/schema.org\/ListItem\">\r\n                <span itemprop=\"name\">\r\n                    <!-- Home Link -->\r\n                    <a itemprop=\"item\" href=\"https:\/\/klun.si\">\r\n                    \r\n                        Domov                    <\/a>\r\n                <\/span>\r\n                <meta itemprop=\"position\" content=\"1\" \/><!-- Meta Position-->\r\n             <\/li><li><span class=\"fbc-separator\">\/<\/span><\/li><li class=\"active\" itemprop=\"itemListElement\" itemscope itemtype=\"https:\/\/schema.org\/ListItem\"><span itemprop=\"name\" title=\"Common Space Solutions &#8211; Re\u0161itve za skupne prostore\">Common Space Solutions &#8211; Re\u0161itve za skupne prostore<\/span><meta itemprop=\"position\" content=\"2\" \/><\/li>\t\t\t\t\t<\/ol>\r\n\t\t\t\t\t<div class=\"clearfix\"><\/div>\r\n\t\t\t\t<\/div>\r\n\t\t\t<\/div>\r\n\t\t\t<\/div>\n\t\t\t\t\t\t<\/div>\n\t\t\t\t<\/div>\n\t\t\t\t\t<\/div>\n\t\t<\/div>\n\t\t\t\t\t<\/div>\n\t\t<\/section>\n\t\t\t\t<section class=\"elementor-section elementor-top-section elementor-element elementor-element-777c647 elementor-section-boxed elementor-section-height-default elementor-section-height-default\" data-id=\"777c647\" data-element_type=\"section\" data-e-type=\"section\">\n\t\t\t\t\t\t<div class=\"elementor-container elementor-column-gap-default\">\n\t\t\t\t\t<div class=\"elementor-column elementor-col-100 elementor-top-column elementor-element elementor-element-135675c\" data-id=\"135675c\" data-element_type=\"column\" data-e-type=\"column\">\n\t\t\t<div class=\"elementor-widget-wrap elementor-element-populated\">\n\t\t\t\t\t\t<div class=\"elementor-element elementor-element-341ddca elementor-widget__width-initial elementor-widget-tablet__width-inherit elementor-widget elementor-widget-heading\" data-id=\"341ddca\" data-element_type=\"widget\" data-e-type=\"widget\" data-widget_type=\"heading.default\">\n\t\t\t\t<div class=\"elementor-widget-container\">\n\t\t\t\t\t<h2 class=\"elementor-heading-title elementor-size-default\">Re\u0161itve za skupne prostore<\/h2>\t\t\t\t<\/div>\n\t\t\t\t<\/div>\n\t\t\t\t\t<\/div>\n\t\t<\/div>\n\t\t\t\t\t<\/div>\n\t\t<\/section>\n\t\t\t\t<section class=\"elementor-section elementor-top-section elementor-element elementor-element-d286abf elementor-section-stretched elementor-section-boxed elementor-section-height-default elementor-section-height-default\" data-id=\"d286abf\" data-element_type=\"section\" data-e-type=\"section\" data-settings=\"{&quot;stretch_section&quot;:&quot;section-stretched&quot;,&quot;background_background&quot;:&quot;classic&quot;}\">\n\t\t\t\t\t\t<div class=\"elementor-container elementor-column-gap-wider\">\n\t\t\t\t\t<div class=\"make-column-clickable-elementor elementor-column elementor-col-25 elementor-top-column elementor-element elementor-element-25d2061\" style=\"cursor: pointer;\" data-column-clickable=\"http:\/\/klun.si\/stensko-pohistvo-2\" data-column-clickable-blank=\"_self\" data-id=\"25d2061\" data-element_type=\"column\" data-e-type=\"column\">\n\t\t\t<div class=\"elementor-widget-wrap elementor-element-populated\">\n\t\t\t\t\t\t\t<\/div>\n\t\t<\/div>\n\t\t\t\t<div class=\"make-column-clickable-elementor elementor-column elementor-col-25 elementor-top-column elementor-element elementor-element-42f37e6\" style=\"cursor: pointer;\" data-column-clickable=\"http:\/\/klun.si\/fotelji-in-tabureji\/\" data-column-clickable-blank=\"_self\" data-id=\"42f37e6\" data-element_type=\"column\" data-e-type=\"column\">\n\t\t\t<div class=\"elementor-widget-wrap elementor-element-populated\">\n\t\t\t\t\t\t<div class=\"elementor-element elementor-element-5951329 elementor-widget elementor-widget-image\" data-id=\"5951329\" data-element_type=\"widget\" data-e-type=\"widget\" data-widget_type=\"image.default\">\n\t\t\t\t<div class=\"elementor-widget-container\">\n\t\t\t\t\t\t\t\t\t\t\t\t\t\t\t\t<a href=\"https:\/\/klun.si\/sedezna-garnitura-k11-cameleon\/\">\n\t\t\t\t\t\t\t<img fetchpriority=\"high\" decoding=\"async\" width=\"1500\" height=\"1000\" src=\"https:\/\/klun.si\/wp-content\/uploads\/2023\/05\/klun-cameleon-sisplet-16-1500x1000-1.jpg\" class=\"elementor-animation-grow attachment-1536x1536 size-1536x1536 wp-image-6825\" alt=\"\" srcset=\"https:\/\/klun.si\/wp-content\/uploads\/2023\/05\/klun-cameleon-sisplet-16-1500x1000-1.jpg 1500w, https:\/\/klun.si\/wp-content\/uploads\/2023\/05\/klun-cameleon-sisplet-16-1500x1000-1-300x200.jpg 300w, https:\/\/klun.si\/wp-content\/uploads\/2023\/05\/klun-cameleon-sisplet-16-1500x1000-1-1024x683.jpg 1024w, https:\/\/klun.si\/wp-content\/uploads\/2023\/05\/klun-cameleon-sisplet-16-1500x1000-1-768x512.jpg 768w, https:\/\/klun.si\/wp-content\/uploads\/2023\/05\/klun-cameleon-sisplet-16-1500x1000-1-18x12.jpg 18w\" sizes=\"(max-width: 1500px) 100vw, 1500px\" \/>\t\t\t\t\t\t\t\t<\/a>\n\t\t\t\t\t\t\t\t\t\t\t\t\t\t\t<\/div>\n\t\t\t\t<\/div>\n\t\t\t\t<div class=\"elementor-element elementor-element-eecc6fe elementor-widget elementor-widget-heading\" data-id=\"eecc6fe\" data-element_type=\"widget\" data-e-type=\"widget\" data-widget_type=\"heading.default\">\n\t\t\t\t<div class=\"elementor-widget-container\">\n\t\t\t\t\t<h4 class=\"elementor-heading-title elementor-size-default\"><a href=\"https:\/\/klun.si\/sedezna-garnitura-k11-cameleon\/\">Modularni sede\u017eni sistem<\/a><\/h4>\t\t\t\t<\/div>\n\t\t\t\t<\/div>\n\t\t\t\t\t<\/div>\n\t\t<\/div>\n\t\t\t\t<div class=\"make-column-clickable-elementor elementor-column elementor-col-25 elementor-top-column elementor-element elementor-element-1d76ab5\" style=\"cursor: pointer;\" data-column-clickable=\"http:\/\/klun.si\/resitve-za-pisarne\/\" data-column-clickable-blank=\"_self\" data-id=\"1d76ab5\" data-element_type=\"column\" data-e-type=\"column\">\n\t\t\t<div class=\"elementor-widget-wrap elementor-element-populated\">\n\t\t\t\t\t\t<div class=\"elementor-element elementor-element-d1a5f24 elementor-widget elementor-widget-image\" data-id=\"d1a5f24\" data-element_type=\"widget\" data-e-type=\"widget\" data-widget_type=\"image.default\">\n\t\t\t\t<div class=\"elementor-widget-container\">\n\t\t\t\t\t\t\t\t\t\t\t\t\t\t\t\t<a href=\"https:\/\/klun.si\/sedezna-garnitura-k07-young\/\">\n\t\t\t\t\t\t\t<img decoding=\"async\" width=\"1536\" height=\"1024\" src=\"https:\/\/klun.si\/wp-content\/uploads\/2023\/05\/klun-young-1500x1000-1-1536x1024.jpg\" class=\"elementor-animation-grow attachment-1536x1536 size-1536x1536 wp-image-6823\" alt=\"\" srcset=\"https:\/\/klun.si\/wp-content\/uploads\/2023\/05\/klun-young-1500x1000-1-1536x1024.jpg 1536w, https:\/\/klun.si\/wp-content\/uploads\/2023\/05\/klun-young-1500x1000-1-300x200.jpg 300w, https:\/\/klun.si\/wp-content\/uploads\/2023\/05\/klun-young-1500x1000-1-1024x683.jpg 1024w, https:\/\/klun.si\/wp-content\/uploads\/2023\/05\/klun-young-1500x1000-1-768x512.jpg 768w, https:\/\/klun.si\/wp-content\/uploads\/2023\/05\/klun-young-1500x1000-1-2048x1365.jpg 2048w, https:\/\/klun.si\/wp-content\/uploads\/2023\/05\/klun-young-1500x1000-1-18x12.jpg 18w\" sizes=\"(max-width: 1536px) 100vw, 1536px\" \/>\t\t\t\t\t\t\t\t<\/a>\n\t\t\t\t\t\t\t\t\t\t\t\t\t\t\t<\/div>\n\t\t\t\t<\/div>\n\t\t\t\t<div class=\"elementor-element elementor-element-b37570f elementor-widget elementor-widget-heading\" data-id=\"b37570f\" data-element_type=\"widget\" data-e-type=\"widget\" data-widget_type=\"heading.default\">\n\t\t\t\t<div class=\"elementor-widget-container\">\n\t\t\t\t\t<h4 class=\"elementor-heading-title elementor-size-default\"><a href=\"https:\/\/klun.si\/sedezna-garnitura-k07-young\/\">Fotelji Young<\/a><\/h4>\t\t\t\t<\/div>\n\t\t\t\t<\/div>\n\t\t\t\t\t<\/div>\n\t\t<\/div>\n\t\t\t\t<div class=\"make-column-clickable-elementor elementor-column elementor-col-25 elementor-top-column elementor-element elementor-element-2539e28\" style=\"cursor: pointer;\" data-column-clickable=\"http:\/\/klun.si\/stensko-pohistvo-2\" data-column-clickable-blank=\"_self\" data-id=\"2539e28\" data-element_type=\"column\" data-e-type=\"column\">\n\t\t\t<div class=\"elementor-widget-wrap elementor-element-populated\">\n\t\t\t\t\t\t\t<\/div>\n\t\t<\/div>\n\t\t\t\t\t<\/div>\n\t\t<\/section>\n\t\t\t\t<section class=\"elementor-section elementor-top-section elementor-element elementor-element-19e0391 elementor-section-stretched elementor-section-boxed elementor-section-height-default elementor-section-height-default\" data-id=\"19e0391\" data-element_type=\"section\" data-e-type=\"section\" data-settings=\"{&quot;stretch_section&quot;:&quot;section-stretched&quot;,&quot;background_background&quot;:&quot;classic&quot;}\">\n\t\t\t\t\t\t<div class=\"elementor-container elementor-column-gap-wider\">\n\t\t\t\t\t<div class=\"make-column-clickable-elementor elementor-column elementor-col-25 elementor-top-column elementor-element elementor-element-ddef2d4\" style=\"cursor: pointer;\" data-column-clickable=\"http:\/\/klun.si\/stensko-pohistvo-2\" data-column-clickable-blank=\"_self\" data-id=\"ddef2d4\" data-element_type=\"column\" data-e-type=\"column\">\n\t\t\t<div class=\"elementor-widget-wrap elementor-element-populated\">\n\t\t\t\t\t\t\t<\/div>\n\t\t<\/div>\n\t\t\t\t<div class=\"make-column-clickable-elementor elementor-column elementor-col-25 elementor-top-column elementor-element elementor-element-c061abc\" style=\"cursor: pointer;\" data-column-clickable=\"http:\/\/klun.si\/fotelji-in-tabureji\/\" data-column-clickable-blank=\"_self\" data-id=\"c061abc\" data-element_type=\"column\" data-e-type=\"column\">\n\t\t\t<div class=\"elementor-widget-wrap elementor-element-populated\">\n\t\t\t\t\t\t<div class=\"elementor-element elementor-element-2139103 elementor-widget elementor-widget-image\" data-id=\"2139103\" data-element_type=\"widget\" data-e-type=\"widget\" data-widget_type=\"image.default\">\n\t\t\t\t<div class=\"elementor-widget-container\">\n\t\t\t\t\t\t\t\t\t\t\t\t\t\t\t\t<a href=\"https:\/\/klun.si\/luna\">\n\t\t\t\t\t\t\t<img decoding=\"async\" width=\"1536\" height=\"1024\" src=\"https:\/\/klun.si\/wp-content\/uploads\/2023\/11\/klun-K09-LUnnA-3x2-1-1536x1024.jpg\" class=\"elementor-animation-grow attachment-1536x1536 size-1536x1536 wp-image-8878\" alt=\"\" srcset=\"https:\/\/klun.si\/wp-content\/uploads\/2023\/11\/klun-K09-LUnnA-3x2-1-1536x1024.jpg 1536w, https:\/\/klun.si\/wp-content\/uploads\/2023\/11\/klun-K09-LUnnA-3x2-1-300x200.jpg 300w, https:\/\/klun.si\/wp-content\/uploads\/2023\/11\/klun-K09-LUnnA-3x2-1-1024x683.jpg 1024w, https:\/\/klun.si\/wp-content\/uploads\/2023\/11\/klun-K09-LUnnA-3x2-1-768x512.jpg 768w, https:\/\/klun.si\/wp-content\/uploads\/2023\/11\/klun-K09-LUnnA-3x2-1-2048x1365.jpg 2048w, https:\/\/klun.si\/wp-content\/uploads\/2023\/11\/klun-K09-LUnnA-3x2-1-18x12.jpg 18w\" sizes=\"(max-width: 1536px) 100vw, 1536px\" \/>\t\t\t\t\t\t\t\t<\/a>\n\t\t\t\t\t\t\t\t\t\t\t\t\t\t\t<\/div>\n\t\t\t\t<\/div>\n\t\t\t\t<div class=\"elementor-element elementor-element-203d4d8 elementor-widget elementor-widget-heading\" data-id=\"203d4d8\" data-element_type=\"widget\" data-e-type=\"widget\" data-widget_type=\"heading.default\">\n\t\t\t\t<div class=\"elementor-widget-container\">\n\t\t\t\t\t<h4 class=\"elementor-heading-title elementor-size-default\"><a href=\"https:\/\/klun.si\/luna\">Dru\u017eabna sede\u017ena garnitura<\/a><\/h4>\t\t\t\t<\/div>\n\t\t\t\t<\/div>\n\t\t\t\t\t<\/div>\n\t\t<\/div>\n\t\t\t\t<div class=\"make-column-clickable-elementor elementor-column elementor-col-25 elementor-top-column elementor-element elementor-element-a06a3f4\" style=\"cursor: pointer;\" data-column-clickable=\"http:\/\/klun.si\/resitve-za-pisarne\/\" data-column-clickable-blank=\"_self\" data-id=\"a06a3f4\" data-element_type=\"column\" data-e-type=\"column\">\n\t\t\t<div class=\"elementor-widget-wrap elementor-element-populated\">\n\t\t\t\t\t\t<div class=\"elementor-element elementor-element-3947072 elementor-widget elementor-widget-image\" data-id=\"3947072\" data-element_type=\"widget\" data-e-type=\"widget\" data-widget_type=\"image.default\">\n\t\t\t\t<div class=\"elementor-widget-container\">\n\t\t\t\t\t\t\t\t\t\t\t\t\t\t\t\t<a href=\"https:\/\/klun.si\/stensko-pohistvo\/\">\n\t\t\t\t\t\t\t<img loading=\"lazy\" decoding=\"async\" width=\"1500\" height=\"1000\" src=\"https:\/\/klun.si\/wp-content\/uploads\/2023\/05\/klun-K88-bigg-o-03-1500x1000-1.jpg\" class=\"elementor-animation-grow attachment-1536x1536 size-1536x1536 wp-image-6812\" alt=\"\" srcset=\"https:\/\/klun.si\/wp-content\/uploads\/2023\/05\/klun-K88-bigg-o-03-1500x1000-1.jpg 1500w, https:\/\/klun.si\/wp-content\/uploads\/2023\/05\/klun-K88-bigg-o-03-1500x1000-1-300x200.jpg 300w, https:\/\/klun.si\/wp-content\/uploads\/2023\/05\/klun-K88-bigg-o-03-1500x1000-1-1024x683.jpg 1024w, https:\/\/klun.si\/wp-content\/uploads\/2023\/05\/klun-K88-bigg-o-03-1500x1000-1-768x512.jpg 768w, https:\/\/klun.si\/wp-content\/uploads\/2023\/05\/klun-K88-bigg-o-03-1500x1000-1-18x12.jpg 18w\" sizes=\"(max-width: 1500px) 100vw, 1500px\" \/>\t\t\t\t\t\t\t\t<\/a>\n\t\t\t\t\t\t\t\t\t\t\t\t\t\t\t<\/div>\n\t\t\t\t<\/div>\n\t\t\t\t<div class=\"elementor-element elementor-element-0a89ef3 elementor-widget elementor-widget-heading\" data-id=\"0a89ef3\" data-element_type=\"widget\" data-e-type=\"widget\" data-widget_type=\"heading.default\">\n\t\t\t\t<div class=\"elementor-widget-container\">\n\t\t\t\t\t<h4 class=\"elementor-heading-title elementor-size-default\"><a href=\"https:\/\/klun.si\/stensko-pohistvo\/\">Stensko pohi\u0161tvo<\/a><\/h4>\t\t\t\t<\/div>\n\t\t\t\t<\/div>\n\t\t\t\t\t<\/div>\n\t\t<\/div>\n\t\t\t\t<div class=\"make-column-clickable-elementor elementor-column elementor-col-25 elementor-top-column elementor-element elementor-element-2be6b23\" style=\"cursor: pointer;\" data-column-clickable=\"http:\/\/klun.si\/stensko-pohistvo-2\" data-column-clickable-blank=\"_self\" data-id=\"2be6b23\" data-element_type=\"column\" data-e-type=\"column\">\n\t\t\t<div class=\"elementor-widget-wrap elementor-element-populated\">\n\t\t\t\t\t\t\t<\/div>\n\t\t<\/div>\n\t\t\t\t\t<\/div>\n\t\t<\/section>\n\t\t\t\t<section class=\"elementor-section elementor-top-section elementor-element elementor-element-adee5b8 elementor-section-boxed elementor-section-height-default elementor-section-height-default\" data-id=\"adee5b8\" data-element_type=\"section\" data-e-type=\"section\">\n\t\t\t\t\t\t<div class=\"elementor-container elementor-column-gap-default\">\n\t\t\t\t\t<div class=\"elementor-column elementor-col-100 elementor-top-column elementor-element elementor-element-063ab4a\" data-id=\"063ab4a\" data-element_type=\"column\" data-e-type=\"column\">\n\t\t\t<div class=\"elementor-widget-wrap elementor-element-populated\">\n\t\t\t\t\t\t<div class=\"elementor-element elementor-element-d41a3d9 elementor-widget-tablet__width-inherit elementor-widget elementor-widget-heading\" data-id=\"d41a3d9\" data-element_type=\"widget\" data-e-type=\"widget\" data-widget_type=\"heading.default\">\n\t\t\t\t<div class=\"elementor-widget-container\">\n\t\t\t\t\t<h3 class=\"elementor-heading-title elementor-size-default\">Po\u0161lji povpra\u0161evanje<\/h3>\t\t\t\t<\/div>\n\t\t\t\t<\/div>\n\t\t\t\t\t<\/div>\n\t\t<\/div>\n\t\t\t\t\t<\/div>\n\t\t<\/section>\n\t\t\t\t<section class=\"elementor-section elementor-top-section elementor-element elementor-element-8759785 elementor-section-boxed elementor-section-height-default elementor-section-height-default\" data-id=\"8759785\" data-element_type=\"section\" data-e-type=\"section\">\n\t\t\t\t\t\t<div class=\"elementor-container elementor-column-gap-default\">\n\t\t\t\t\t<div class=\"elementor-column elementor-col-100 elementor-top-column elementor-element elementor-element-2451a15\" data-id=\"2451a15\" data-element_type=\"column\" data-e-type=\"column\">\n\t\t\t<div class=\"elementor-widget-wrap elementor-element-populated\">\n\t\t\t\t\t\t<div class=\"elementor-element elementor-element-09306ff elementor-widget elementor-widget-wpforms\" data-id=\"09306ff\" data-element_type=\"widget\" data-e-type=\"widget\" data-widget_type=\"wpforms.default\">\n\t\t\t\t<div class=\"elementor-widget-container\">\n\t\t\t\t\t<div class=\"wpforms-container wpforms-container-full\" id=\"wpforms-5614\"><form id=\"wpforms-form-5614\" class=\"wpforms-validate wpforms-form wpforms-ajax-form\" data-formid=\"5614\" method=\"post\" enctype=\"multipart\/form-data\" action=\"\/eng\/wp-json\/wp\/v2\/pages\/518\" data-token=\"5555d2c8a4f3e16497f6c578b490aae4\" data-token-time=\"1776975784\"><noscript class=\"wpforms-error-noscript\">Please enable JavaScript in your browser to complete this form.<\/noscript><div class=\"wpforms-field-container\"><div id=\"wpforms-5614-field_2-container\" class=\"wpforms-field wpforms-field-text\" data-field-id=\"2\"><label class=\"wpforms-field-label\" for=\"wpforms-5614-field_2\">Zanimam se za<\/label><input type=\"text\" id=\"wpforms-5614-field_2\" class=\"wpforms-field-medium\" name=\"wpforms[fields][2]\" value=\"Re\u0161itve za skupne prostore\" placeholder=\"Re\u0161itve za skupne prostore\" ><\/div><div id=\"wpforms-5614-field_3-container\" class=\"wpforms-field wpforms-field-text\" data-field-id=\"3\"><label class=\"wpforms-field-label\" for=\"wpforms-5614-field_3\">Ime in priimek <span class=\"wpforms-required-label\">*<\/span><\/label><input type=\"text\" id=\"wpforms-5614-field_3\" class=\"wpforms-field-medium wpforms-field-required\" name=\"wpforms[fields][3]\" required><\/div><div id=\"wpforms-5614-field_4-container\" class=\"wpforms-field wpforms-field-email\" data-field-id=\"4\"><label class=\"wpforms-field-label\" for=\"wpforms-5614-field_4\">Email <span class=\"wpforms-required-label\">*<\/span><\/label><input type=\"email\" id=\"wpforms-5614-field_4\" class=\"wpforms-field-medium wpforms-field-required\" name=\"wpforms[fields][4]\" spellcheck=\"false\" required><\/div><div id=\"wpforms-5614-field_7-container\" class=\"wpforms-field wpforms-field-text\" data-field-id=\"7\"><label class=\"wpforms-field-label\" for=\"wpforms-5614-field_7\">Telefonska \u0161tevilka<\/label><input type=\"text\" id=\"wpforms-5614-field_7\" class=\"wpforms-field-medium\" name=\"wpforms[fields][7]\" ><\/div><div id=\"wpforms-5614-field_5-container\" class=\"wpforms-field wpforms-field-textarea\" data-field-id=\"5\"><label class=\"wpforms-field-label\" for=\"wpforms-5614-field_5\">Va\u0161e sporo\u010dilo<\/label><textarea id=\"wpforms-5614-field_5\" class=\"wpforms-field-medium\" name=\"wpforms[fields][5]\" ><\/textarea><\/div><div id=\"wpforms-5614-field_6-container\" class=\"wpforms-field wpforms-field-checkbox\" data-field-id=\"6\"><label class=\"wpforms-field-label wpforms-label-hide\">GDPR <span class=\"wpforms-required-label\">*<\/span><\/label><ul id=\"wpforms-5614-field_6\" class=\"wpforms-field-required\"><li class=\"choice-1 depth-1\"><input type=\"checkbox\" id=\"wpforms-5614-field_6_1\" name=\"wpforms[fields][6][]\" value=\"Strinjam se s pogoji uporabe.\" required ><label class=\"wpforms-field-label-inline\" for=\"wpforms-5614-field_6_1\">Strinjam se s pogoji uporabe.<\/label><\/li><\/ul><\/div><\/div><!-- .wpforms-field-container --><div class=\"wpforms-submit-container\" ><input type=\"hidden\" name=\"wpforms[id]\" value=\"5614\"><input type=\"hidden\" name=\"page_title\" value=\"\"><input type=\"hidden\" name=\"page_url\" value=\"https:\/\/klun.si\/eng\/wp-json\/wp\/v2\/pages\/518\"><input type=\"hidden\" name=\"url_referer\" value=\"\"><button type=\"submit\" name=\"wpforms[submit]\" id=\"wpforms-submit-5614\" class=\"wpforms-submit\" data-alt-text=\"Po\u0161iljam...\" data-submit-text=\"Po\u0161lji povpra\u0161evanje\" aria-live=\"assertive\" value=\"wpforms-submit\">Po\u0161lji povpra\u0161evanje<\/button><img loading=\"lazy\" decoding=\"async\" src=\"https:\/\/klun.si\/wp-content\/plugins\/wpforms-lite\/assets\/images\/submit-spin.svg\" class=\"wpforms-submit-spinner\" style=\"display: none;\" width=\"26\" height=\"26\" alt=\"Loading\"><\/div><\/form><\/div>  <!-- .wpforms-container -->\t\t\t\t<\/div>\n\t\t\t\t<\/div>\n\t\t\t\t\t<\/div>\n\t\t<\/div>\n\t\t\t\t\t<\/div>\n\t\t<\/section>\n\t\t\t\t<\/div>\n\t\t","protected":false},"excerpt":{"rendered":"<p>Re\u0161itve za skupne prostore Modularni sede\u017eni sistem Fotelji Young Dru\u017eabna sede\u017ena garnitura Stensko pohi\u0161tvo Po\u0161lji povpra\u0161evanje Please enable JavaScript in your browser to complete this form.Zanimam se zaIme in priimek *Email *Telefonska \u0161tevilkaVa\u0161e sporo\u010diloGDPR * Strinjam se s pogoji uporabe. Po\u0161lji povpra\u0161evanje<\/p>","protected":false},"author":9,"featured_media":0,"parent":0,"menu_order":0,"comment_status":"closed","ping_status":"closed","template":"elementor_header_footer","meta":{"_monsterinsights_skip_tracking":false,"_monsterinsights_sitenote_active":false,"_monsterinsights_sitenote_note":"","_monsterinsights_sitenote_category":0,"site-sidebar-layout":"no-sidebar","site-content-layout":"page-builder","ast-site-content-layout":"default","site-content-style":"default","site-sidebar-style":"default","ast-global-header-display":"","ast-banner-title-visibility":"","ast-main-header-display":"","ast-hfb-above-header-display":"","ast-hfb-below-header-display":"","ast-hfb-mobile-header-display":"","site-post-title":"disabled","ast-breadcrumbs-content":"","ast-featured-img":"disabled","footer-sml-layout":"","ast-disable-related-posts":"","theme-transparent-header-meta":"default","adv-header-id-meta":"","stick-header-meta":"","header-above-stick-meta":"","header-main-stick-meta":"","header-below-stick-meta":"","astra-migrate-meta-layouts":"default","ast-page-background-enabled":"default","ast-page-background-meta":{"desktop":{"background-color":"","background-image":"","background-repeat":"repeat","background-position":"center center","background-size":"auto","background-attachment":"scroll","background-type":"","background-media":"","overlay-type":"","overlay-color":"","overlay-opacity":"","overlay-gradient":""},"tablet":{"background-color":"","background-image":"","background-repeat":"repeat","background-position":"center center","background-size":"auto","background-attachment":"scroll","background-type":"","background-media":"","overlay-type":"","overlay-color":"","overlay-opacity":"","overlay-gradient":""},"mobile":{"background-color":"","background-image":"","background-repeat":"repeat","background-position":"center center","background-size":"auto","background-attachment":"scroll","background-type":"","background-media":"","overlay-type":"","overlay-color":"","overlay-opacity":"","overlay-gradient":""}},"ast-content-background-meta":{"desktop":{"background-color":"var(--ast-global-color-5)","background-image":"","background-repeat":"repeat","background-position":"center center","background-size":"auto","background-attachment":"scroll","background-type":"","background-media":"","overlay-type":"","overlay-color":"","overlay-opacity":"","overlay-gradient":""},"tablet":{"background-color":"var(--ast-global-color-5)","background-image":"","background-repeat":"repeat","background-position":"center center","background-size":"auto","background-attachment":"scroll","background-type":"","background-media":"","overlay-type":"","overlay-color":"","overlay-opacity":"","overlay-gradient":""},"mobile":{"background-color":"var(--ast-global-color-5)","background-image":"","background-repeat":"repeat","background-position":"center center","background-size":"auto","background-attachment":"scroll","background-type":"","background-media":"","overlay-type":"","overlay-color":"","overlay-opacity":"","overlay-gradient":""}},"footnotes":""},"class_list":["post-518","page","type-page","status-publish","hentry"],"_links":{"self":[{"href":"https:\/\/klun.si\/eng\/wp-json\/wp\/v2\/pages\/518","targetHints":{"allow":["GET"]}}],"collection":[{"href":"https:\/\/klun.si\/eng\/wp-json\/wp\/v2\/pages"}],"about":[{"href":"https:\/\/klun.si\/eng\/wp-json\/wp\/v2\/types\/page"}],"author":[{"embeddable":true,"href":"https:\/\/klun.si\/eng\/wp-json\/wp\/v2\/users\/9"}],"replies":[{"embeddable":true,"href":"https:\/\/klun.si\/eng\/wp-json\/wp\/v2\/comments?post=518"}],"version-history":[{"count":97,"href":"https:\/\/klun.si\/eng\/wp-json\/wp\/v2\/pages\/518\/revisions"}],"predecessor-version":[{"id":15760,"href":"https:\/\/klun.si\/eng\/wp-json\/wp\/v2\/pages\/518\/revisions\/15760"}],"wp:attachment":[{"href":"https:\/\/klun.si\/eng\/wp-json\/wp\/v2\/media?parent=518"}],"curies":[{"name":"wp","href":"https:\/\/api.w.org\/{rel}","templated":true}]}}